{"id":1039,"date":"2023-02-27T10:32:14","date_gmt":"2023-02-27T10:32:14","guid":{"rendered":"https:\/\/canariastouristik.com\/?page_id=1039"},"modified":"2024-02-18T20:44:13","modified_gmt":"2024-02-18T20:44:13","slug":"contacto","status":"publish","type":"page","link":"https:\/\/canariastouristik.com\/?page_id=1039","title":{"rendered":"Contacto"},"content":{"rendered":"\t\t<div data-elementor-type=\"wp-page\" data-elementor-id=\"1039\" class=\"elementor elementor-1039\">\n\t\t\t\t\t\t\t\t\t<section class=\"elementor-section elementor-top-section elementor-element elementor-element-ae046d4 elementor-section-boxed elementor-section-height-default elementor-section-height-default\" data-id=\"ae046d4\" data-element_type=\"section\">\n\t\t\t\t\t\t<div class=\"elementor-container elementor-column-gap-default\">\n\t\t\t\t\t<div class=\"elementor-column elementor-col-100 elementor-top-column elementor-element elementor-element-1dd2a4a\" data-id=\"1dd2a4a\" data-element_type=\"column\">\n\t\t\t<div class=\"elementor-widget-wrap elementor-element-populated\">\n\t\t\t\t\t\t\t\t<div class=\"elementor-element elementor-element-8e70958 elementor-widget elementor-widget-rhea-agent-contact-form-widget\" data-id=\"8e70958\" data-element_type=\"widget\" data-settings=\"{&quot;_animation&quot;:&quot;none&quot;}\" data-widget_type=\"rhea-agent-contact-form-widget.default\">\n\t\t\t\t<div class=\"elementor-widget-container\">\n\t\t\t\n        <div class=\"rhea_acf_wrapper \">\n            <div class=\"rhea_acf_box\">\n\n                <div class=\"rhea_thumb_and_form\">\n                    <div class=\"rhea_thumb_and_form_inner\">\n\t\t\t\t\t\t                            <div class=\"rhea_acf_thumb_wrapper\">\n\t\t\t\t\t\t\t\t                                <a href=\"#\"\n                                   class=\"rhea_acf_agent_thumbnail \"  target=&quot;_blank&quot;  rel=&quot;nofollow&quot;  >\n\t\t\t\t\t\t\t\t\t                                        <div class=\"rhea_acf_thumb_label\">\n\t\t\t\t\t\t\t\t\t\t\t                                                <h4>Contacata con<\/h4>\n\t\t\t\t\t\t\t\t\t\t\t\t                                                <span>Torres Canarias Touristik<\/span>\n\t\t\t\t\t\t\t\t\t\t\t\t                                        <\/div>\n\t\t\t\t\t\t\t\t\t\t                                        <div class=\"rhea_acf_thumb_box\"\n                                             style=\"background-image: url(https:\/\/canariastouristik.com\/wp-content\/uploads\/2023\/02\/villa-contemporanea-vacaciones-piscina-1024x610.jpg)\"><\/div>\n\t\t\t\t\t\t\t\t\t\t                                <\/a>\n\t\t\t\t\t\t\t                            <\/div>\n\n\t\t\t\t\t\t\t                        <div class=\"rhea_acf_form\">\n\n\t\t\t\t\t\t\t                                <form class=\"rhea_acf_form_box\" id=\"acf_8e70958\"\n                                      method=\"post\"\n                                      action=\"https:\/\/canariastouristik.com\/wp-admin\/admin-ajax.php\">\n\t\t\t\t\t\t\t\t\t                                        <label class=\"rhea_acf_label\"\n                                               for=\"acf_name_8e70958\">Nombre completo<\/label>\n\t\t\t\t\t\t\t\t\t\t                                    <input id=\"acf_name_8e70958\" class=\"rhea_acf_text required\" type=\"text\" name=\"name\"\n                                           placeholder=\"\">\n\t\t\t\t\t\t\t\t\t                                        <label class=\"rhea_acf_label\"\n                                               for=\"acf_email_8e70958\">Correo electr\u00f3nico<\/label>\n\t\t\t\t\t\t\t\t\t\t                                    <input id=\"acf_email_8e70958\" class=\"rhea_acf_text email required\" type=\"email\" name=\"email\"\n                                           placeholder=\"\">\n\n\t\t\t\t\t\t\t\t\t                                        <label class=\"rhea_acf_label\"\n                                               for=\"acf_message_8e70958\">Tu Mensaje<\/label>\n\t\t\t\t\t\t\t\t\t\t                                    <textarea id=\"acf_message_8e70958\" class=\"rhea_acf_textarea required\" rows=\"8\" name=\"message\"\n                                              placeholder=\"\"><\/textarea>\n\n\t\t\t\t\t\t\t\t\t\n\t\t\t\t\t\t\t\t\t\n                                    <input type=\"hidden\" name=\"nonce\" value=\"f7f01b43aa\"\/>\n                                    <input type=\"hidden\" name=\"target\" value=\"ca&#110;ar&#105;&#097;s&#116;&#111;ur&#105;&#115;ti&#107;&#064;ca&#110;a&#114;&#105;ast&#111;&#117;&#114;is&#116;&#105;k.&#099;&#111;m\">\n\n                                                                            <input type=\"hidden\" name=\"agent-name\" value=\"Contacata con\">\n\t\t\t\t\t\t\t\t\t\t                                    <input type=\"hidden\" name=\"action\" value=\"rhea_send_message_to_agent\" \/>\n\n                                    <div class=\"rhea_acf_submit_wrapper\">\n\t                                                                                <input id=\"acf_submit\" class=\"rhea_acf_submit\" type=\"submit\" name=\"submit\" value=\"Enviar\">\n\t\t                                                                        <\/div>\n\n                                    <div class=\"rhea_agent_form__row\">\n                                        <div class=\"rhea-ajax-loader\">\n                                            <span class=\"rhea_loader_box\"><svg xmlns=\"http:\/\/www.w3.org\/2000\/svg\" xmlns:xlink=\"http:\/\/www.w3.org\/1999\/xlink\" width=\"32px\" height=\"32px\" viewBox=\"0 0 128 128\" xml:space=\"preserve\"><rect x=\"0\" y=\"0\" width=\"100%\" height=\"100%\" fill=\"#FFFFFF\" \/><g><path d=\"M75.4 126.63a11.43 11.43 0 0 1-2.1-22.65 40.9 40.9 0 0 0 30.5-30.6 11.4 11.4 0 1 1 22.27 4.87h.02a63.77 63.77 0 0 1-47.8 48.05v-.02a11.38 11.38 0 0 1-2.93.37z\" fill=\"#1ea69a\" fill-opacity=\"1\"\/><animateTransform attributeName=\"transform\" type=\"rotate\" from=\"0 64 64\" to=\"360 64 64\" dur=\"1000ms\" repeatCount=\"indefinite\"><\/animateTransform><\/g><\/svg>\n<\/span>\n                                        <\/div>\n                                        <div class=\"rhea-error-container\"><\/div>\n                                        <div class=\"rhea-message-container\"><\/div>\n                                    <\/div>\n                                <\/form>\n\t\t\t\t\t\t\t\t                        <\/div>\n                    <\/div>\n                <\/div>\n\n\t\t\t\t                    <div class=\"rhea_acf_inner rhea_acf_agent_contacts\">\n                        <div class=\"rhea_acf_contacts_inner\">\n\t\t\t\t\t\t\t                                <div class=\"rhea_acf_contact\">\n                                    <i class=\"rhea_acf_icon fas fa-phone-alt\"><\/i>\n                                    <div class=\"rhea_acf_contact_detail\">\n\t\t\t\t\t\t\t\t\t\t                                            <span class=\"rhea_acf_list_label\">Tel\u00e9fono<\/span>\n\t\t\t\t\t\t\t\t\t\t\t                                        <a href=\"tel:928 760 790\"\n                                           class=\"rhea_acf_list_text\">928 760 790<\/a>\n                                    <\/div>\n                                <\/div>\n\t\t\t\t\t\t\t\t                                <div class=\"rhea_acf_contact\">\n                                    <i class=\"rhea_acf_icon fas fa-envelope\"><\/i>\n                                    <div class=\"rhea_acf_contact_detail\">\n\t\t\t\t\t\t\t\t\t\t                                            <span class=\"rhea_acf_list_label\">Correo electr\u00f3nico<\/span>\n\t\t\t\t\t\t\t\t\t\t\t                                        <a href=\"mailto:ca&#110;ariasto&#117;&#114;is&#116;&#105;&#107;&#064;&#099;a&#110;a&#114;i&#097;&#115;t&#111;&#117;&#114;&#105;s&#116;ik.c&#111;&#109;\"\n                                           class=\"rhea_acf_list_text\">c&#097;&#110;&#097;rias&#116;&#111;uris&#116;i&#107;&#064;ca&#110;a&#114;&#105;a&#115;&#116;o&#117;ri&#115;t&#105;&#107;&#046;&#099;&#111;m<\/a>\n                                    <\/div>\n                                <\/div>\n\t\t\t\t\t\t\t\t                                <div class=\"rhea_acf_contact\">\n                                    <i class=\"rhea_acf_icon fas fa-map-marker-alt\"><\/i>\n                                    <div class=\"rhea_acf_contact_detail\">\n\t\t\t\t\t\t\t\t\t\t                                            <span class=\"rhea_acf_list_label\">Oficina<\/span>\n\t\t\t\t\t\t\t\t\t\t\t                                        <span class=\"rhea_acf_list_text\">Av. de Tenerife, 16, 35100 Maspalomas, Las Palmas<\/span>\n                                    <\/div>\n                                <\/div>\n\t\t\t\t\t\t\t\t                            <div class=\"rhea_acf_contact\">\n                                <i class=\"rhea_acf_icon fas fa-user-circle\"><\/i>\n                                <div class=\"rhea_acf_contact_detail\">\n\t\t\t\t\t\t\t\t\t                                        <span class=\"rhea_acf_list_label\">Social<\/span>\n\t\t\t\t\t\t\t\t\t\t                                        <ul class=\"rhea_acf_socials\">\n\t\t\t\t\t\t\t\t\t\t\t                                                <li class=\"rhea_item_facebook\">\n                                                    <a href=\"https:\/\/www.facebook.com\/torres.canariastouristik\"\n\t\t\t\t\t\t\t\t\t\t\t\t\t\t   >\n                                                        <i class=\"fab fa-facebook fa-lg\"><\/i>\n                                                    <\/a>\n                                                <\/li>\n\t\t\t\t\t\t\t\t\t\t\t\t                                        <\/ul>\n\t\t\t\t\t\t\t\t\t\t                                <\/div>\n                            <\/div>\n                        <\/div>\n                    <\/div>\n                                <\/div>\n        <\/div>\n\t\t\t\t<\/div>\n\t\t\t\t<\/div>\n\t\t\t\t\t<\/div>\n\t\t<\/div>\n\t\t\t\t\t\t\t<\/div>\n\t\t<\/section>\n\t\t\t\t<section class=\"elementor-section elementor-top-section elementor-element elementor-element-014496f elementor-section-boxed elementor-section-height-default elementor-section-height-default\" data-id=\"014496f\" data-element_type=\"section\">\n\t\t\t\t\t\t<div class=\"elementor-container elementor-column-gap-default\">\n\t\t\t\t\t<div class=\"elementor-column elementor-col-100 elementor-top-column elementor-element elementor-element-e43bb9e\" data-id=\"e43bb9e\" data-element_type=\"column\">\n\t\t\t<div class=\"elementor-widget-wrap elementor-element-populated\">\n\t\t\t\t\t\t\t\t<div class=\"elementor-element elementor-element-e948883 elementor--star-style-star_fontawesome elementor-widget elementor-widget-star-rating\" data-id=\"e948883\" data-element_type=\"widget\" data-widget_type=\"star-rating.default\">\n\t\t\t\t<div class=\"elementor-widget-container\">\n\t\t\t<style>\/*! elementor - v3.11.2 - 22-02-2023 *\/\n@charset \"UTF-8\";.elementor-star-rating{color:#ccd6df;font-family:eicons;display:inline-block}.elementor-star-rating i{display:inline-block;position:relative;font-style:normal;cursor:default}.elementor-star-rating i:before{content:\"\\e934\";display:block;font-size:inherit;font-family:inherit;position:absolute;overflow:hidden;color:#f0ad4e;top:0;left:0}.elementor-star-rating .elementor-star-empty:before{content:none}.elementor-star-rating .elementor-star-1:before{width:10%}.elementor-star-rating .elementor-star-2:before{width:20%}.elementor-star-rating .elementor-star-3:before{width:30%}.elementor-star-rating .elementor-star-4:before{width:40%}.elementor-star-rating .elementor-star-5:before{width:50%}.elementor-star-rating .elementor-star-6:before{width:60%}.elementor-star-rating .elementor-star-7:before{width:70%}.elementor-star-rating .elementor-star-8:before{width:80%}.elementor-star-rating .elementor-star-9:before{width:90%}.elementor-star-rating__wrapper{display:flex;align-items:center}.elementor-star-rating__title{margin-right:10px}.elementor-star-rating--align-right .elementor-star-rating__wrapper{text-align:right;justify-content:flex-end}.elementor-star-rating--align-left .elementor-star-rating__wrapper{text-align:left;justify-content:flex-start}.elementor-star-rating--align-center .elementor-star-rating__wrapper{text-align:center;justify-content:center}.elementor-star-rating--align-justify .elementor-star-rating__title{margin-right:auto}@media (max-width:1024px){.elementor-star-rating-tablet--align-right .elementor-star-rating__wrapper{text-align:right;justify-content:flex-end}.elementor-star-rating-tablet--align-left .elementor-star-rating__wrapper{text-align:left;justify-content:flex-start}.elementor-star-rating-tablet--align-center .elementor-star-rating__wrapper{text-align:center;justify-content:center}.elementor-star-rating-tablet--align-justify .elementor-star-rating__title{margin-right:auto}}@media (max-width:767px){.elementor-star-rating-mobile--align-right .elementor-star-rating__wrapper{text-align:right;justify-content:flex-end}.elementor-star-rating-mobile--align-left .elementor-star-rating__wrapper{text-align:left;justify-content:flex-start}.elementor-star-rating-mobile--align-center .elementor-star-rating__wrapper{text-align:center;justify-content:center}.elementor-star-rating-mobile--align-justify .elementor-star-rating__title{margin-right:auto}}.last-star{letter-spacing:0}.elementor--star-style-star_unicode .elementor-star-rating{font-family:Arial,Helvetica,sans-serif}.elementor--star-style-star_unicode .elementor-star-rating i:not(.elementor-star-empty):before{content:\"\u2605\"}<\/style>\n\t\t<div class=\"elementor-star-rating__wrapper\">\n\t\t\t\t\t\t<div class=\"elementor-star-rating\" title=\"5\/5\" itemtype=\"http:\/\/schema.org\/Rating\" itemscope=\"\" itemprop=\"reviewRating\"><i class=\"elementor-star-full\">&#xE934;<\/i><i class=\"elementor-star-full\">&#xE934;<\/i><i class=\"elementor-star-full\">&#xE934;<\/i><i class=\"elementor-star-full\">&#xE934;<\/i><i class=\"elementor-star-full\">&#xE934;<\/i> <span itemprop=\"ratingValue\" class=\"elementor-screen-only\">5\/5<\/span><\/div>\t\t<\/div>\n\t\t\t\t<\/div>\n\t\t\t\t<\/div>\n\t\t\t\t\t<\/div>\n\t\t<\/div>\n\t\t\t\t\t\t\t<\/div>\n\t\t<\/section>\n\t\t\t\t\t\t\t<\/div>\n\t\t","protected":false},"excerpt":{"rendered":"<p>Contacata con Torres Canarias Touristik Nombre completo Correo electr\u00f3nico Tu Mensaje Tel\u00e9fono 928 760 790 Correo electr\u00f3nico &#099;anari&#097;&#115;&#116;&#111;&#117;&#114;i&#115;&#116;&#105;k&#064;c&#097;&#110;&#097;&#114;&#105;&#097;&#115;tou&#114;&#105;&#115;&#116;ik.co&#109; Oficina Av. de Tenerife, 16, 35100 Maspalomas, Las Palmas Social &#xE934;&#xE934;&#xE934;&#xE934;&#xE934; 5\/5<\/p>\n","protected":false},"author":1,"featured_media":0,"parent":1047,"menu_order":0,"comment_status":"closed","ping_status":"closed","template":"templates\/contact.php","meta":{"footnotes":""},"class_list":["post-1039","page","type-page","status-publish","hentry"],"_links":{"self":[{"href":"https:\/\/canariastouristik.com\/index.php?rest_route=\/wp\/v2\/pages\/1039","targetHints":{"allow":["GET"]}}],"collection":[{"href":"https:\/\/canariastouristik.com\/index.php?rest_route=\/wp\/v2\/pages"}],"about":[{"href":"https:\/\/canariastouristik.com\/index.php?rest_route=\/wp\/v2\/types\/page"}],"author":[{"embeddable":true,"href":"https:\/\/canariastouristik.com\/index.php?rest_route=\/wp\/v2\/users\/1"}],"replies":[{"embeddable":true,"href":"https:\/\/canariastouristik.com\/index.php?rest_route=%2Fwp%2Fv2%2Fcomments&post=1039"}],"version-history":[{"count":28,"href":"https:\/\/canariastouristik.com\/index.php?rest_route=\/wp\/v2\/pages\/1039\/revisions"}],"predecessor-version":[{"id":1393,"href":"https:\/\/canariastouristik.com\/index.php?rest_route=\/wp\/v2\/pages\/1039\/revisions\/1393"}],"up":[{"embeddable":true,"href":"https:\/\/canariastouristik.com\/index.php?rest_route=\/wp\/v2\/pages\/1047"}],"wp:attachment":[{"href":"https:\/\/canariastouristik.com\/index.php?rest_route=%2Fwp%2Fv2%2Fmedia&parent=1039"}],"curies":[{"name":"wp","href":"https:\/\/api.w.org\/{rel}","templated":true}]}}